{"id":23378,"date":"2020-10-06T20:33:12","date_gmt":"2020-10-06T23:33:12","guid":{"rendered":"http:\/\/www.adufpb.org.br\/v2\/?page_id=23378"},"modified":"2024-05-08T21:36:09","modified_gmt":"2024-05-09T00:36:09","slug":"sede-areia","status":"publish","type":"page","link":"https:\/\/www.adufpb.org.br\/site\/institucional\/sede-areia\/","title":{"rendered":"Sede &#8211; Areia"},"content":{"rendered":"<div class=\"wpb-content-wrapper\"><p>[vc_row][vc_column width=&#8221;1\/2&#8243;][vc_empty_space height=&#8221;40&#8243;][vc_column_text]<a class=\"dt-pswp-item\" href=\"http:\/\/www.adufpb.org.br\/v2\/wp-content\/uploads\/2020\/10\/areia.jpg\" data-dt-img-description=\"\" data-large_image_width=\"1778\" data-large_image_height=\"1000\"><img loading=\"lazy\" decoding=\"async\" class=\"aligncenter size-full wp-image-23380\" src=\"http:\/\/www.adufpb.org.br\/v2\/wp-content\/uploads\/2020\/10\/areia.jpg\" alt=\"\" width=\"1778\" height=\"1000\" srcset=\"https:\/\/www.adufpb.org.br\/site\/wp-content\/uploads\/2020\/10\/areia.jpg 1778w, https:\/\/www.adufpb.org.br\/site\/wp-content\/uploads\/2020\/10\/areia-300x169.jpg 300w, https:\/\/www.adufpb.org.br\/site\/wp-content\/uploads\/2020\/10\/areia-1024x576.jpg 1024w, https:\/\/www.adufpb.org.br\/site\/wp-content\/uploads\/2020\/10\/areia-768x432.jpg 768w, https:\/\/www.adufpb.org.br\/site\/wp-content\/uploads\/2020\/10\/areia-1536x864.jpg 1536w, https:\/\/www.adufpb.org.br\/site\/wp-content\/uploads\/2020\/10\/areia-250x141.jpg 250w\" sizes=\"auto, (max-width: 1778px) 100vw, 1778px\" \/><\/a>[\/vc_column_text][\/vc_column][vc_column width=&#8221;1\/2&#8243;][vc_empty_space height=&#8221;40&#8243;][vc_column_text]<strong>Funcionamento<\/strong><\/p>\n<p>Segunda a sexta-feira &#8211; 7h \u00e0s 11h\/13h \u00e0s 17h<\/p>\n<p><strong>Endere\u00e7o<\/strong><br \/>\nCentro de Ci\u00eancias Agr\u00e1rias, s\/n &#8211; Bairro Universit\u00e1rio- Areia, PB \u2013 CEP: 58.397-000<\/p>\n<p><strong>Contatos<\/strong><br \/>\nTelefone: (83) 99977-5354<br \/>\nE-mail: <a href=\"mailto:adufareia@gmail.com\">adufareia@gmail.com<\/a>[\/vc_column_text][\/vc_column][\/vc_row]<\/p>\n<\/div>","protected":false},"excerpt":{"rendered":"<p>[vc_row][vc_column width=&#8221;1\/2&#8243;][vc_empty_space height=&#8221;40&#8243;][vc_column_text][\/vc_column_text][\/vc_column][vc_column width=&#8221;1\/2&#8243;][vc_empty_space height=&#8221;40&#8243;][vc_column_text]Funcionamento Segunda a sexta-feira &#8211; 7h \u00e0s 11h\/13h \u00e0s 17h Endere\u00e7o Centro de Ci\u00eancias Agr\u00e1rias, s\/n &#8211; Bairro Universit\u00e1rio- Areia, PB \u2013 CEP: 58.397-000 Contatos Telefone: (83) 99977-5354 E-mail: adufareia@gmail.com[\/vc_column_text][\/vc_column][\/vc_row]<\/p>\n","protected":false},"author":1,"featured_media":0,"parent":6490,"menu_order":0,"comment_status":"closed","ping_status":"closed","template":"","meta":{"footnotes":""},"class_list":["post-23378","page","type-page","status-publish","hentry","description-off"],"_links":{"self":[{"href":"https:\/\/www.adufpb.org.br\/site\/wp-json\/wp\/v2\/pages\/23378","targetHints":{"allow":["GET"]}}],"collection":[{"href":"https:\/\/www.adufpb.org.br\/site\/wp-json\/wp\/v2\/pages"}],"about":[{"href":"https:\/\/www.adufpb.org.br\/site\/wp-json\/wp\/v2\/types\/page"}],"author":[{"embeddable":true,"href":"https:\/\/www.adufpb.org.br\/site\/wp-json\/wp\/v2\/users\/1"}],"replies":[{"embeddable":true,"href":"https:\/\/www.adufpb.org.br\/site\/wp-json\/wp\/v2\/comments?post=23378"}],"version-history":[{"count":6,"href":"https:\/\/www.adufpb.org.br\/site\/wp-json\/wp\/v2\/pages\/23378\/revisions"}],"predecessor-version":[{"id":31318,"href":"https:\/\/www.adufpb.org.br\/site\/wp-json\/wp\/v2\/pages\/23378\/revisions\/31318"}],"up":[{"embeddable":true,"href":"https:\/\/www.adufpb.org.br\/site\/wp-json\/wp\/v2\/pages\/6490"}],"wp:attachment":[{"href":"https:\/\/www.adufpb.org.br\/site\/wp-json\/wp\/v2\/media?parent=23378"}],"curies":[{"name":"wp","href":"https:\/\/api.w.org\/{rel}","templated":true}]}}