{"id":8426,"date":"2014-03-20T08:22:15","date_gmt":"2014-03-20T12:22:15","guid":{"rendered":"http:\/\/www.adufpb.org.br\/site\/wp-content\/uploads\/2014\/03\/Paralisa\u00e7\u00e3o-dos-Docentes-da-UFPB-19-03-2014-8.jpg"},"modified":"2014-03-20T08:22:15","modified_gmt":"2014-03-20T12:22:15","slug":"paralisacao-dos-docentes-da-ufpb-19-03-2014-8","status":"inherit","type":"attachment","link":"https:\/\/www.adufpb.org.br\/site\/dt_gallery\/dia-nacional-de-paralisacao-19-03-2014\/paralisacao-dos-docentes-da-ufpb-19-03-2014-8\/","title":{"rendered":"Paralisa\u00e7\u00e3o dos Docentes da UFPB 19 03 2014 (8)"},"author":3,"featured_media":0,"comment_status":"closed","ping_status":"closed","template":"","meta":[],"class_list":["post-8426","attachment","type-attachment","status-inherit","hentry","description-off"],"description":{"rendered":"<p class=\"attachment\"><a href='https:\/\/www.adufpb.org.br\/site\/wp-content\/uploads\/2014\/03\/Paralisa\u00e7\u00e3o-dos-Docentes-da-UFPB-19-03-2014-8.jpg'><img loading=\"lazy\" decoding=\"async\" width=\"300\" height=\"225\" src=\"https:\/\/www.adufpb.org.br\/site\/wp-content\/uploads\/2014\/03\/Paralisa\u00e7\u00e3o-dos-Docentes-da-UFPB-19-03-2014-8-300x225.jpg\" class=\"attachment-medium size-medium\" alt=\"\" srcset=\"https:\/\/www.adufpb.org.br\/site\/wp-content\/uploads\/2014\/03\/Paralisa\u00e7\u00e3o-dos-Docentes-da-UFPB-19-03-2014-8-300x225.jpg 300w, https:\/\/www.adufpb.org.br\/site\/wp-content\/uploads\/2014\/03\/Paralisa\u00e7\u00e3o-dos-Docentes-da-UFPB-19-03-2014-8.jpg 800w\" sizes=\"auto, (max-width: 300px) 100vw, 300px\" \/><\/a><\/p>\n"},"caption":{"rendered":""},"alt_text":"","media_type":"image","mime_type":"image\/jpeg","media_details":{"width":800,"height":600,"file":"2014\/03\/Paralisa\u00e7\u00e3o-dos-Docentes-da-UFPB-19-03-2014-8.jpg","sizes":{"thumbnail":{"file":"Paralisa\u00e7\u00e3o-dos-Docentes-da-UFPB-19-03-2014-8-150x150.jpg","width":150,"height":150,"mime_type":"image\/jpeg","source_url":"https:\/\/www.adufpb.org.br\/site\/wp-content\/uploads\/2014\/03\/Paralisa\u00e7\u00e3o-dos-Docentes-da-UFPB-19-03-2014-8-150x150.jpg"},"medium":{"file":"Paralisa\u00e7\u00e3o-dos-Docentes-da-UFPB-19-03-2014-8-300x225.jpg","width":300,"height":225,"mime_type":"image\/jpeg","source_url":"https:\/\/www.adufpb.org.br\/site\/wp-content\/uploads\/2014\/03\/Paralisa\u00e7\u00e3o-dos-Docentes-da-UFPB-19-03-2014-8-300x225.jpg"},"full":{"file":"Paralisa\u00e7\u00e3o-dos-Docentes-da-UFPB-19-03-2014-8.jpg","width":800,"height":600,"mime_type":"image\/jpeg","source_url":"https:\/\/www.adufpb.org.br\/site\/wp-content\/uploads\/2014\/03\/Paralisa\u00e7\u00e3o-dos-Docentes-da-UFPB-19-03-2014-8.jpg"}},"image_meta":{"aperture":0,"credit":"","camera":"","caption":"","created_timestamp":0,"copyright":"","focal_length":0,"iso":0,"shutter_speed":0,"title":""}},"post":8418,"source_url":"https:\/\/www.adufpb.org.br\/site\/wp-content\/uploads\/2014\/03\/Paralisa\u00e7\u00e3o-dos-Docentes-da-UFPB-19-03-2014-8.jpg","_links":{"self":[{"href":"https:\/\/www.adufpb.org.br\/site\/wp-json\/wp\/v2\/media\/8426","targetHints":{"allow":["GET"]}}],"collection":[{"href":"https:\/\/www.adufpb.org.br\/site\/wp-json\/wp\/v2\/media"}],"about":[{"href":"https:\/\/www.adufpb.org.br\/site\/wp-json\/wp\/v2\/types\/attachment"}],"author":[{"embeddable":true,"href":"https:\/\/www.adufpb.org.br\/site\/wp-json\/wp\/v2\/users\/3"}],"replies":[{"embeddable":true,"href":"https:\/\/www.adufpb.org.br\/site\/wp-json\/wp\/v2\/comments?post=8426"}],"wp:attached-to":[{"embeddable":true,"post_type":"dt_gallery","id":8418,"href":"https:\/\/www.adufpb.org.br\/site\/wp-json\/wp\/v2\/dt_gallery\/8418"}],"curies":[{"name":"wp","href":"https:\/\/api.w.org\/{rel}","templated":true}]}}

http://www.adufpb.org.br/site/wp-content/uploads/2014/03/Paralisação-dos-Docentes-da-UFPB-19-03-2014-8.jpg

Paralisação dos Docentes da UFPB 19 03 2014 (8)

<p class="attachment"><a href='https://www.adufpb.org.br/site/wp-content/uploads/2014/03/Paralisação-dos-Docentes-da-UFPB-19-03-2014-8.jpg'><img loading="lazy" decoding="async" width="300" height="225" src="https://www.adufpb.org.br/site/wp-content/uploads/2014/03/Paralisação-dos-Docentes-da-UFPB-19-03-2014-8-300x225.jpg" class="attachment-medium size-medium" alt="" srcset="https://www.adufpb.org.br/site/wp-content/uploads/2014/03/Paralisação-dos-Docentes-da-UFPB-19-03-2014-8-300x225.jpg 300w, https://www.adufpb.org.br/site/wp-content/uploads/2014/03/Paralisação-dos-Docentes-da-UFPB-19-03-2014-8.jpg 800w" sizes="auto, (max-width: 300px) 100vw, 300px" /></a></p>

2014/03/Paralisação-dos-Docentes-da-UFPB-19-03-2014-8.jpg

Paralisação-dos-Docentes-da-UFPB-19-03-2014-8-150x150.jpg

https://www.adufpb.org.br/site/wp-content/uploads/2014/03/Paralisação-dos-Docentes-da-UFPB-19-03-2014-8-150x150.jpg

Paralisação-dos-Docentes-da-UFPB-19-03-2014-8-300x225.jpg

https://www.adufpb.org.br/site/wp-content/uploads/2014/03/Paralisação-dos-Docentes-da-UFPB-19-03-2014-8-300x225.jpg

Paralisação-dos-Docentes-da-UFPB-19-03-2014-8.jpg

https://www.adufpb.org.br/site/wp-content/uploads/2014/03/Paralisação-dos-Docentes-da-UFPB-19-03-2014-8.jpg
