{"id":4678,"date":"2013-02-08T03:39:40","date_gmt":"2013-02-08T07:39:40","guid":{"rendered":"http:\/\/www.adufpb.org.br\/site\/wp-content\/uploads\/2013\/02\/FILA-PARA-VOTA\u00c7\u00c3O.jpg"},"modified":"2013-02-08T03:39:40","modified_gmt":"2013-02-08T07:39:40","slug":"fila-para-votacao","status":"inherit","type":"attachment","link":"https:\/\/www.adufpb.org.br\/site\/assembleia-dos-professores-aprova-contas-e-define-delegados-para-congresso-do-andes\/fila-para-votacao\/","title":{"rendered":"FILA PARA VOTA\u00c7\u00c3O"},"author":3,"featured_media":0,"comment_status":"open","ping_status":"open","template":"","meta":[],"class_list":["post-4678","attachment","type-attachment","status-inherit","hentry","description-off"],"description":{"rendered":"<p class=\"attachment\"><a href='https:\/\/www.adufpb.org.br\/site\/wp-content\/uploads\/2013\/02\/FILA-PARA-VOTA\u00c7\u00c3O.jpg'><img loading=\"lazy\" decoding=\"async\" width=\"300\" height=\"190\" src=\"https:\/\/www.adufpb.org.br\/site\/wp-content\/uploads\/2013\/02\/FILA-PARA-VOTA\u00c7\u00c3O-300x190.jpg\" class=\"attachment-medium size-medium\" alt=\"\" srcset=\"https:\/\/www.adufpb.org.br\/site\/wp-content\/uploads\/2013\/02\/FILA-PARA-VOTA\u00c7\u00c3O-300x190.jpg 300w, https:\/\/www.adufpb.org.br\/site\/wp-content\/uploads\/2013\/02\/FILA-PARA-VOTA\u00c7\u00c3O.jpg 567w\" sizes=\"auto, (max-width: 300px) 100vw, 300px\" \/><\/a><\/p>\n"},"caption":{"rendered":"<p>Fila para vota\u00e7\u00e3o<\/p>\n"},"alt_text":"","media_type":"image","mime_type":"image\/jpeg","media_details":{"width":"567","height":"360","hwstring_small":"height='81' width='128'","file":"2013\/02\/FILA-PARA-VOTA\u00c7\u00c3O.jpg","sizes":{"thumbnail":{"file":"FILA-PARA-VOTA\u00c7\u00c3O-150x150.jpg","width":"150","height":"150","source_url":"https:\/\/www.adufpb.org.br\/site\/wp-content\/uploads\/2013\/02\/FILA-PARA-VOTA\u00c7\u00c3O-150x150.jpg"},"medium":{"file":"FILA-PARA-VOTA\u00c7\u00c3O-300x190.jpg","width":"300","height":"190","source_url":"https:\/\/www.adufpb.org.br\/site\/wp-content\/uploads\/2013\/02\/FILA-PARA-VOTA\u00c7\u00c3O-300x190.jpg"},"board":{"file":"FILA-PARA-VOTA\u00c7\u00c3O-250x150.jpg","width":"250","height":"150","source_url":"https:\/\/www.adufpb.org.br\/site\/wp-content\/uploads\/2013\/02\/FILA-PARA-VOTA\u00c7\u00c3O-250x150.jpg"},"full":{"file":"FILA-PARA-VOTA\u00c7\u00c3O.jpg","width":567,"height":360,"mime_type":"image\/jpeg","source_url":"https:\/\/www.adufpb.org.br\/site\/wp-content\/uploads\/2013\/02\/FILA-PARA-VOTA\u00c7\u00c3O.jpg"}},"image_meta":{"aperture":"0","credit":"","camera":"","caption":"","created_timestamp":"1301495060","copyright":"","focal_length":"0","iso":"0","shutter_speed":"0","title":""}},"post":4662,"source_url":"https:\/\/www.adufpb.org.br\/site\/wp-content\/uploads\/2013\/02\/FILA-PARA-VOTA\u00c7\u00c3O.jpg","_links":{"self":[{"href":"https:\/\/www.adufpb.org.br\/site\/wp-json\/wp\/v2\/media\/4678","targetHints":{"allow":["GET"]}}],"collection":[{"href":"https:\/\/www.adufpb.org.br\/site\/wp-json\/wp\/v2\/media"}],"about":[{"href":"https:\/\/www.adufpb.org.br\/site\/wp-json\/wp\/v2\/types\/attachment"}],"author":[{"embeddable":true,"href":"https:\/\/www.adufpb.org.br\/site\/wp-json\/wp\/v2\/users\/3"}],"replies":[{"embeddable":true,"href":"https:\/\/www.adufpb.org.br\/site\/wp-json\/wp\/v2\/comments?post=4678"}],"wp:attached-to":[{"embeddable":true,"post_type":"post","id":4662,"href":"https:\/\/www.adufpb.org.br\/site\/wp-json\/wp\/v2\/posts\/4662"}],"curies":[{"name":"wp","href":"https:\/\/api.w.org\/{rel}","templated":true}]}}

http://www.adufpb.org.br/site/wp-content/uploads/2013/02/FILA-PARA-VOTAÇÃO.jpg

FILA PARA VOTAÇÃO

<p class="attachment"><a href='https://www.adufpb.org.br/site/wp-content/uploads/2013/02/FILA-PARA-VOTAÇÃO.jpg'><img loading="lazy" decoding="async" width="300" height="190" src="https://www.adufpb.org.br/site/wp-content/uploads/2013/02/FILA-PARA-VOTAÇÃO-300x190.jpg" class="attachment-medium size-medium" alt="" srcset="https://www.adufpb.org.br/site/wp-content/uploads/2013/02/FILA-PARA-VOTAÇÃO-300x190.jpg 300w, https://www.adufpb.org.br/site/wp-content/uploads/2013/02/FILA-PARA-VOTAÇÃO.jpg 567w" sizes="auto, (max-width: 300px) 100vw, 300px" /></a></p>

<p>Fila para votação</p>

2013/02/FILA-PARA-VOTAÇÃO.jpg

FILA-PARA-VOTAÇÃO-150x150.jpg

https://www.adufpb.org.br/site/wp-content/uploads/2013/02/FILA-PARA-VOTAÇÃO-150x150.jpg

FILA-PARA-VOTAÇÃO-300x190.jpg

https://www.adufpb.org.br/site/wp-content/uploads/2013/02/FILA-PARA-VOTAÇÃO-300x190.jpg

FILA-PARA-VOTAÇÃO-250x150.jpg

https://www.adufpb.org.br/site/wp-content/uploads/2013/02/FILA-PARA-VOTAÇÃO-250x150.jpg

FILA-PARA-VOTAÇÃO.jpg

https://www.adufpb.org.br/site/wp-content/uploads/2013/02/FILA-PARA-VOTAÇÃO.jpg
