{"id":4672,"date":"2013-02-08T03:38:45","date_gmt":"2013-02-08T07:38:45","guid":{"rendered":"http:\/\/www.adufpb.org.br\/site\/wp-content\/uploads\/2013\/02\/VOTA\u00c7\u00c3O-01.jpg"},"modified":"2013-02-08T03:38:45","modified_gmt":"2013-02-08T07:38:45","slug":"votacao-01","status":"inherit","type":"attachment","link":"https:\/\/www.adufpb.org.br\/site\/assembleia-dos-professores-aprova-contas-e-define-delegados-para-congresso-do-andes\/votacao-01\/","title":{"rendered":"VOTA\u00c7\u00c3O 01"},"author":3,"featured_media":0,"comment_status":"open","ping_status":"open","template":"","meta":[],"class_list":["post-4672","attachment","type-attachment","status-inherit","hentry","description-off"],"description":{"rendered":"<p class=\"attachment\"><a href='https:\/\/www.adufpb.org.br\/site\/wp-content\/uploads\/2013\/02\/VOTA\u00c7\u00c3O-01.jpg'><img loading=\"lazy\" decoding=\"async\" width=\"269\" height=\"300\" src=\"https:\/\/www.adufpb.org.br\/site\/wp-content\/uploads\/2013\/02\/VOTA\u00c7\u00c3O-01-269x300.jpg\" class=\"attachment-medium size-medium\" alt=\"\" srcset=\"https:\/\/www.adufpb.org.br\/site\/wp-content\/uploads\/2013\/02\/VOTA\u00c7\u00c3O-01-269x300.jpg 269w, https:\/\/www.adufpb.org.br\/site\/wp-content\/uploads\/2013\/02\/VOTA\u00c7\u00c3O-01.jpg 850w\" sizes=\"auto, (max-width: 269px) 100vw, 269px\" \/><\/a><\/p>\n"},"caption":{"rendered":"<p>Vota\u00e7\u00e3o de delegados<\/p>\n"},"alt_text":"","media_type":"image","mime_type":"image\/jpeg","media_details":{"width":"850","height":"947","hwstring_small":"height='96' width='86'","file":"2013\/02\/VOTA\u00c7\u00c3O-01.jpg","sizes":{"thumbnail":{"file":"VOTA\u00c7\u00c3O-01-150x150.jpg","width":"150","height":"150","source_url":"https:\/\/www.adufpb.org.br\/site\/wp-content\/uploads\/2013\/02\/VOTA\u00c7\u00c3O-01-150x150.jpg"},"medium":{"file":"VOTA\u00c7\u00c3O-01-269x300.jpg","width":"269","height":"300","source_url":"https:\/\/www.adufpb.org.br\/site\/wp-content\/uploads\/2013\/02\/VOTA\u00c7\u00c3O-01-269x300.jpg"},"board":{"file":"VOTA\u00c7\u00c3O-01-250x150.jpg","width":"250","height":"150","source_url":"https:\/\/www.adufpb.org.br\/site\/wp-content\/uploads\/2013\/02\/VOTA\u00c7\u00c3O-01-250x150.jpg"},"full":{"file":"VOTA\u00c7\u00c3O-01.jpg","width":850,"height":947,"mime_type":"image\/jpeg","source_url":"https:\/\/www.adufpb.org.br\/site\/wp-content\/uploads\/2013\/02\/VOTA\u00c7\u00c3O-01.jpg"}},"image_meta":{"aperture":"0","credit":"","camera":"","caption":"","created_timestamp":"1301495094","copyright":"","focal_length":"0","iso":"0","shutter_speed":"0","title":""}},"post":4662,"source_url":"https:\/\/www.adufpb.org.br\/site\/wp-content\/uploads\/2013\/02\/VOTA\u00c7\u00c3O-01.jpg","_links":{"self":[{"href":"https:\/\/www.adufpb.org.br\/site\/wp-json\/wp\/v2\/media\/4672","targetHints":{"allow":["GET"]}}],"collection":[{"href":"https:\/\/www.adufpb.org.br\/site\/wp-json\/wp\/v2\/media"}],"about":[{"href":"https:\/\/www.adufpb.org.br\/site\/wp-json\/wp\/v2\/types\/attachment"}],"author":[{"embeddable":true,"href":"https:\/\/www.adufpb.org.br\/site\/wp-json\/wp\/v2\/users\/3"}],"replies":[{"embeddable":true,"href":"https:\/\/www.adufpb.org.br\/site\/wp-json\/wp\/v2\/comments?post=4672"}],"wp:attached-to":[{"embeddable":true,"post_type":"post","id":4662,"href":"https:\/\/www.adufpb.org.br\/site\/wp-json\/wp\/v2\/posts\/4662"}],"curies":[{"name":"wp","href":"https:\/\/api.w.org\/{rel}","templated":true}]}}

http://www.adufpb.org.br/site/wp-content/uploads/2013/02/VOTAÇÃO-01.jpg

VOTAÇÃO 01

<p class="attachment"><a href='https://www.adufpb.org.br/site/wp-content/uploads/2013/02/VOTAÇÃO-01.jpg'><img loading="lazy" decoding="async" width="269" height="300" src="https://www.adufpb.org.br/site/wp-content/uploads/2013/02/VOTAÇÃO-01-269x300.jpg" class="attachment-medium size-medium" alt="" srcset="https://www.adufpb.org.br/site/wp-content/uploads/2013/02/VOTAÇÃO-01-269x300.jpg 269w, https://www.adufpb.org.br/site/wp-content/uploads/2013/02/VOTAÇÃO-01.jpg 850w" sizes="auto, (max-width: 269px) 100vw, 269px" /></a></p>

<p>Votação de delegados</p>

2013/02/VOTAÇÃO-01.jpg

VOTAÇÃO-01-150x150.jpg

https://www.adufpb.org.br/site/wp-content/uploads/2013/02/VOTAÇÃO-01-150x150.jpg

VOTAÇÃO-01-269x300.jpg

https://www.adufpb.org.br/site/wp-content/uploads/2013/02/VOTAÇÃO-01-269x300.jpg

VOTAÇÃO-01-250x150.jpg

https://www.adufpb.org.br/site/wp-content/uploads/2013/02/VOTAÇÃO-01-250x150.jpg

VOTAÇÃO-01.jpg

https://www.adufpb.org.br/site/wp-content/uploads/2013/02/VOTAÇÃO-01.jpg
