{"id":34182,"date":"2025-05-09T11:35:01","date_gmt":"2025-05-09T14:35:01","guid":{"rendered":"https:\/\/www.adufpb.org.br\/site\/wp-content\/uploads\/2025\/05\/2025.05.09-eleicao-do-andes-apuracao-12.jpeg"},"modified":"2025-05-09T11:35:01","modified_gmt":"2025-05-09T14:35:01","slug":"2025-05-09-eleicao-do-andes-apuracao-12","status":"inherit","type":"attachment","link":"https:\/\/www.adufpb.org.br\/site\/eleicao-do-andes-sn-chapa-2-recebe-a-maioria-dos-votos-na-ufpb\/2025-05-09-eleicao-do-andes-apuracao-12\/","title":{"rendered":"2025.05.09 &#8211; elei\u00e7\u00e3o do andes &#8211; apura\u00e7\u00e3o (12)"},"author":3,"featured_media":0,"comment_status":"closed","ping_status":"closed","template":"","meta":[],"class_list":["post-34182","attachment","type-attachment","status-inherit","hentry","description-off"],"description":{"rendered":"<p class=\"attachment\"><a href='https:\/\/www.adufpb.org.br\/site\/wp-content\/uploads\/2025\/05\/2025.05.09-eleicao-do-andes-apuracao-12.jpeg'><img loading=\"lazy\" decoding=\"async\" width=\"225\" height=\"300\" src=\"https:\/\/www.adufpb.org.br\/site\/wp-content\/uploads\/2025\/05\/2025.05.09-eleicao-do-andes-apuracao-12-225x300.jpeg\" class=\"attachment-medium size-medium\" alt=\"\" srcset=\"https:\/\/www.adufpb.org.br\/site\/wp-content\/uploads\/2025\/05\/2025.05.09-eleicao-do-andes-apuracao-12-225x300.jpeg 225w, https:\/\/www.adufpb.org.br\/site\/wp-content\/uploads\/2025\/05\/2025.05.09-eleicao-do-andes-apuracao-12-768x1024.jpeg 768w, https:\/\/www.adufpb.org.br\/site\/wp-content\/uploads\/2025\/05\/2025.05.09-eleicao-do-andes-apuracao-12-250x333.jpeg 250w, https:\/\/www.adufpb.org.br\/site\/wp-content\/uploads\/2025\/05\/2025.05.09-eleicao-do-andes-apuracao-12.jpeg 960w\" sizes=\"auto, (max-width: 225px) 100vw, 225px\" \/><\/a><\/p>\n"},"caption":{"rendered":""},"alt_text":"","media_type":"image","mime_type":"image\/jpeg","media_details":{"width":960,"height":1280,"file":"2025\/05\/2025.05.09-eleicao-do-andes-apuracao-12.jpeg","filesize":143207,"sizes":{"medium":{"file":"2025.05.09-eleicao-do-andes-apuracao-12-225x300.jpeg","width":225,"height":300,"filesize":15797,"mime_type":"image\/jpeg","source_url":"https:\/\/www.adufpb.org.br\/site\/wp-content\/uploads\/2025\/05\/2025.05.09-eleicao-do-andes-apuracao-12-225x300.jpeg"},"large":{"file":"2025.05.09-eleicao-do-andes-apuracao-12-768x1024.jpeg","width":768,"height":1024,"filesize":113984,"mime_type":"image\/jpeg","source_url":"https:\/\/www.adufpb.org.br\/site\/wp-content\/uploads\/2025\/05\/2025.05.09-eleicao-do-andes-apuracao-12-768x1024.jpeg"},"thumbnail":{"file":"2025.05.09-eleicao-do-andes-apuracao-12-150x150.jpeg","width":150,"height":150,"filesize":6767,"mime_type":"image\/jpeg","source_url":"https:\/\/www.adufpb.org.br\/site\/wp-content\/uploads\/2025\/05\/2025.05.09-eleicao-do-andes-apuracao-12-150x150.jpeg"},"medium_large":{"file":"2025.05.09-eleicao-do-andes-apuracao-12-768x1024.jpeg","width":768,"height":1024,"filesize":113984,"mime_type":"image\/jpeg","source_url":"https:\/\/www.adufpb.org.br\/site\/wp-content\/uploads\/2025\/05\/2025.05.09-eleicao-do-andes-apuracao-12-768x1024.jpeg"},"featured-slide":{"file":"2025.05.09-eleicao-do-andes-apuracao-12-960x250.jpeg","width":960,"height":250,"filesize":50688,"mime_type":"image\/jpeg","source_url":"https:\/\/www.adufpb.org.br\/site\/wp-content\/uploads\/2025\/05\/2025.05.09-eleicao-do-andes-apuracao-12-960x250.jpeg"},"featured-slide-thumb":{"file":"2025.05.09-eleicao-do-andes-apuracao-12-250x333.jpeg","width":250,"height":333,"filesize":18432,"mime_type":"image\/jpeg","source_url":"https:\/\/www.adufpb.org.br\/site\/wp-content\/uploads\/2025\/05\/2025.05.09-eleicao-do-andes-apuracao-12-250x333.jpeg"},"full":{"file":"2025.05.09-eleicao-do-andes-apuracao-12.jpeg","width":960,"height":1280,"mime_type":"image\/jpeg","source_url":"https:\/\/www.adufpb.org.br\/site\/wp-content\/uploads\/2025\/05\/2025.05.09-eleicao-do-andes-apuracao-12.jpeg"}},"image_meta":{"aperture":"0","credit":"","camera":"","caption":"","created_timestamp":"0","copyright":"","focal_length":"0","iso":"0","shutter_speed":"0","title":"","orientation":"0","keywords":[]}},"post":34178,"source_url":"https:\/\/www.adufpb.org.br\/site\/wp-content\/uploads\/2025\/05\/2025.05.09-eleicao-do-andes-apuracao-12.jpeg","_links":{"self":[{"href":"https:\/\/www.adufpb.org.br\/site\/wp-json\/wp\/v2\/media\/34182","targetHints":{"allow":["GET"]}}],"collection":[{"href":"https:\/\/www.adufpb.org.br\/site\/wp-json\/wp\/v2\/media"}],"about":[{"href":"https:\/\/www.adufpb.org.br\/site\/wp-json\/wp\/v2\/types\/attachment"}],"author":[{"embeddable":true,"href":"https:\/\/www.adufpb.org.br\/site\/wp-json\/wp\/v2\/users\/3"}],"replies":[{"embeddable":true,"href":"https:\/\/www.adufpb.org.br\/site\/wp-json\/wp\/v2\/comments?post=34182"}],"wp:attached-to":[{"embeddable":true,"post_type":"post","id":34178,"href":"https:\/\/www.adufpb.org.br\/site\/wp-json\/wp\/v2\/posts\/34178"}],"curies":[{"name":"wp","href":"https:\/\/api.w.org\/{rel}","templated":true}]}}

2025.05.09 &#8211; eleição do andes &#8211; apuração (12)
