{"id":34180,"date":"2025-05-09T11:34:58","date_gmt":"2025-05-09T14:34:58","guid":{"rendered":"https:\/\/www.adufpb.org.br\/site\/wp-content\/uploads\/2025\/05\/2025.05.09-eleicao-do-andes-apuracao-5.jpeg"},"modified":"2025-05-09T11:34:58","modified_gmt":"2025-05-09T14:34:58","slug":"2025-05-09-eleicao-do-andes-apuracao-5","status":"inherit","type":"attachment","link":"https:\/\/www.adufpb.org.br\/site\/eleicao-do-andes-sn-chapa-2-recebe-a-maioria-dos-votos-na-ufpb\/2025-05-09-eleicao-do-andes-apuracao-5\/","title":{"rendered":"2025.05.09 &#8211; elei\u00e7\u00e3o do andes &#8211; apura\u00e7\u00e3o (5)"},"author":3,"featured_media":0,"comment_status":"closed","ping_status":"closed","template":"","meta":[],"class_list":["post-34180","attachment","type-attachment","status-inherit","hentry","description-off"],"description":{"rendered":"<p class=\"attachment\"><a href='https:\/\/www.adufpb.org.br\/site\/wp-content\/uploads\/2025\/05\/2025.05.09-eleicao-do-andes-apuracao-5.jpeg'><img loading=\"lazy\" decoding=\"async\" width=\"300\" height=\"225\" src=\"https:\/\/www.adufpb.org.br\/site\/wp-content\/uploads\/2025\/05\/2025.05.09-eleicao-do-andes-apuracao-5-300x225.jpeg\" class=\"attachment-medium size-medium\" alt=\"\" srcset=\"https:\/\/www.adufpb.org.br\/site\/wp-content\/uploads\/2025\/05\/2025.05.09-eleicao-do-andes-apuracao-5-300x225.jpeg 300w, https:\/\/www.adufpb.org.br\/site\/wp-content\/uploads\/2025\/05\/2025.05.09-eleicao-do-andes-apuracao-5-1024x768.jpeg 1024w, https:\/\/www.adufpb.org.br\/site\/wp-content\/uploads\/2025\/05\/2025.05.09-eleicao-do-andes-apuracao-5-768x576.jpeg 768w, https:\/\/www.adufpb.org.br\/site\/wp-content\/uploads\/2025\/05\/2025.05.09-eleicao-do-andes-apuracao-5-250x188.jpeg 250w, https:\/\/www.adufpb.org.br\/site\/wp-content\/uploads\/2025\/05\/2025.05.09-eleicao-do-andes-apuracao-5.jpeg 1280w\" sizes=\"auto, (max-width: 300px) 100vw, 300px\" \/><\/a><\/p>\n"},"caption":{"rendered":""},"alt_text":"","media_type":"image","mime_type":"image\/jpeg","media_details":{"width":1280,"height":960,"file":"2025\/05\/2025.05.09-eleicao-do-andes-apuracao-5.jpeg","filesize":169563,"sizes":{"medium":{"file":"2025.05.09-eleicao-do-andes-apuracao-5-300x225.jpeg","width":300,"height":225,"filesize":17985,"mime_type":"image\/jpeg","source_url":"https:\/\/www.adufpb.org.br\/site\/wp-content\/uploads\/2025\/05\/2025.05.09-eleicao-do-andes-apuracao-5-300x225.jpeg"},"large":{"file":"2025.05.09-eleicao-do-andes-apuracao-5-1024x768.jpeg","width":1024,"height":768,"filesize":131370,"mime_type":"image\/jpeg","source_url":"https:\/\/www.adufpb.org.br\/site\/wp-content\/uploads\/2025\/05\/2025.05.09-eleicao-do-andes-apuracao-5-1024x768.jpeg"},"thumbnail":{"file":"2025.05.09-eleicao-do-andes-apuracao-5-150x150.jpeg","width":150,"height":150,"filesize":7301,"mime_type":"image\/jpeg","source_url":"https:\/\/www.adufpb.org.br\/site\/wp-content\/uploads\/2025\/05\/2025.05.09-eleicao-do-andes-apuracao-5-150x150.jpeg"},"medium_large":{"file":"2025.05.09-eleicao-do-andes-apuracao-5-768x576.jpeg","width":768,"height":576,"filesize":82181,"mime_type":"image\/jpeg","source_url":"https:\/\/www.adufpb.org.br\/site\/wp-content\/uploads\/2025\/05\/2025.05.09-eleicao-do-andes-apuracao-5-768x576.jpeg"},"featured-slide":{"file":"2025.05.09-eleicao-do-andes-apuracao-5-1280x250.jpeg","width":1280,"height":250,"filesize":72118,"mime_type":"image\/jpeg","source_url":"https:\/\/www.adufpb.org.br\/site\/wp-content\/uploads\/2025\/05\/2025.05.09-eleicao-do-andes-apuracao-5-1280x250.jpeg"},"featured-slide-thumb":{"file":"2025.05.09-eleicao-do-andes-apuracao-5-250x188.jpeg","width":250,"height":188,"filesize":13291,"mime_type":"image\/jpeg","source_url":"https:\/\/www.adufpb.org.br\/site\/wp-content\/uploads\/2025\/05\/2025.05.09-eleicao-do-andes-apuracao-5-250x188.jpeg"},"full":{"file":"2025.05.09-eleicao-do-andes-apuracao-5.jpeg","width":1280,"height":960,"mime_type":"image\/jpeg","source_url":"https:\/\/www.adufpb.org.br\/site\/wp-content\/uploads\/2025\/05\/2025.05.09-eleicao-do-andes-apuracao-5.jpeg"}},"image_meta":{"aperture":"0","credit":"","camera":"","caption":"","created_timestamp":"0","copyright":"","focal_length":"0","iso":"0","shutter_speed":"0","title":"","orientation":"0","keywords":[]}},"post":34178,"source_url":"https:\/\/www.adufpb.org.br\/site\/wp-content\/uploads\/2025\/05\/2025.05.09-eleicao-do-andes-apuracao-5.jpeg","_links":{"self":[{"href":"https:\/\/www.adufpb.org.br\/site\/wp-json\/wp\/v2\/media\/34180","targetHints":{"allow":["GET"]}}],"collection":[{"href":"https:\/\/www.adufpb.org.br\/site\/wp-json\/wp\/v2\/media"}],"about":[{"href":"https:\/\/www.adufpb.org.br\/site\/wp-json\/wp\/v2\/types\/attachment"}],"author":[{"embeddable":true,"href":"https:\/\/www.adufpb.org.br\/site\/wp-json\/wp\/v2\/users\/3"}],"replies":[{"embeddable":true,"href":"https:\/\/www.adufpb.org.br\/site\/wp-json\/wp\/v2\/comments?post=34180"}],"wp:attached-to":[{"embeddable":true,"post_type":"post","id":34178,"href":"https:\/\/www.adufpb.org.br\/site\/wp-json\/wp\/v2\/posts\/34178"}],"curies":[{"name":"wp","href":"https:\/\/api.w.org\/{rel}","templated":true}]}}

2025.05.09 &#8211; eleição do andes &#8211; apuração (5)
