{"id":8418,"date":"2014-03-28T09:27:04","date_gmt":"2014-03-28T13:27:04","guid":{"rendered":"http:\/\/www.adufpb.org.br\/site\/?post_type=dt_gallery&#038;p=8418"},"modified":"2020-10-27T15:03:27","modified_gmt":"2020-10-27T18:03:27","slug":"dia-nacional-de-paralisacao-19-03-2014","status":"publish","type":"dt_gallery","link":"https:\/\/www.adufpb.org.br\/site\/dt_gallery\/dia-nacional-de-paralisacao-19-03-2014\/","title":{"rendered":"Dia Nacional de Paralisa\u00e7\u00e3o &#8211; 19\/03\/2014"},"content":{"rendered":"","protected":false},"excerpt":{"rendered":"<p>Os professores da UFPB suspenderam as atividades no Dia Nacional de Paralisa\u00e7\u00e3o (19.03.2014). Para mobilizar a categoria, a ADUFPB promoveu um ato p\u00fablico com caf\u00e9 da manh\u00e3 em frente ao pr\u00e9dio na reitoria. \u00c0s 9h30, os manifestantes se dirigiram ao gabinete da reitora para entregar a pauta local de reivindica\u00e7\u00f5es.<\/p>\n","protected":false},"author":3,"featured_media":0,"comment_status":"closed","ping_status":"closed","template":"","dt_gallery_category":[426],"class_list":["post-8418","dt_gallery","type-dt_gallery","status-publish","hentry","dt_gallery_category-mobilizacoes","dt_gallery_category-426","description-off"],"_links":{"self":[{"href":"https:\/\/www.adufpb.org.br\/site\/wp-json\/wp\/v2\/dt_gallery\/8418","targetHints":{"allow":["GET"]}}],"collection":[{"href":"https:\/\/www.adufpb.org.br\/site\/wp-json\/wp\/v2\/dt_gallery"}],"about":[{"href":"https:\/\/www.adufpb.org.br\/site\/wp-json\/wp\/v2\/types\/dt_gallery"}],"author":[{"embeddable":true,"href":"https:\/\/www.adufpb.org.br\/site\/wp-json\/wp\/v2\/users\/3"}],"replies":[{"embeddable":true,"href":"https:\/\/www.adufpb.org.br\/site\/wp-json\/wp\/v2\/comments?post=8418"}],"version-history":[{"count":1,"href":"https:\/\/www.adufpb.org.br\/site\/wp-json\/wp\/v2\/dt_gallery\/8418\/revisions"}],"predecessor-version":[{"id":24069,"href":"https:\/\/www.adufpb.org.br\/site\/wp-json\/wp\/v2\/dt_gallery\/8418\/revisions\/24069"}],"wp:attachment":[{"href":"https:\/\/www.adufpb.org.br\/site\/wp-json\/wp\/v2\/media?parent=8418"}],"wp:term":[{"taxonomy":"dt_gallery_category","embeddable":true,"href":"https:\/\/www.adufpb.org.br\/site\/wp-json\/wp\/v2\/dt_gallery_category?post=8418"}],"curies":[{"name":"wp","href":"https:\/\/api.w.org\/{rel}","templated":true}]}}

Dia Nacional de Paralisação &#8211; 19/03/2014

<p>Os professores da UFPB suspenderam as atividades no Dia Nacional de Paralisação (19.03.2014). Para mobilizar a categoria, a ADUFPB promoveu um ato público com café da manhã em frente ao prédio na reitoria. Às 9h30, os manifestantes se dirigiram ao gabinete da reitora para entregar a pauta local de reivindicações.</p>
